20020
In base 14, what is -17d698 + -353?
-17da0b
In base 8, what is 51220 - 67?
51131
In base 11, what is 43 + -10071143?
-10071100
In base 8, what is -671645 + -7?
-671654
In base 2, what is -11100100111001010101101 + -111?
-11100100111001010110100
In base 8, what is 1402 - 341632?
-340230
In base 6, what is 3243 - -112555?
120242
In base 12, what is -ba5 - 6417b?
-65164
In base 16, what is -1198fe0 - -1?
-1198fdf
In base 3, what is -110 - -1222102102211?
1222102102101
In base 10, what is 4252162 - -24?
4252186
In base 9, what is -557717 - 111?
-557828
In base 15, what is 0 + 1e2358b?
1e2358b
In base 12, what is -1358b241 + 1?
-1358b240
In base 3, what is 210022000 + -221?
210021002
In base 6, what is -154 - 132411221?
-132411415
In base 15, what is -1d - 1092a95?
-1092ab3
In base 12, what is 12720 + -ab17?
3805
In base 11, what is -5 + -1596976?
-1596980
In base 7, what is -63502251 + 3?
-63502245
In base 16, what is 8d9cf - 1d?
8d9b2
In base 15, what is 22 - 87869?
-87847
In base 13, what is -18297 - -75?
-18222
In base 12, what is 3 - 177188a?
-1771887
In base 2, what is 10100000 + -1111000010111010?
-1111000000011010
In base 11, what is -8 + 147119?
147111
In base 15, what is -16687 - -98a?
-15bec
In base 3, what is 202002020002202 - -1?
202002020002210
In base 9, what is -18628 + -1488?
-21227
In base 7, what is -5044 + -1314?
-6361
In base 14, what is b9744c + -23?
b97429
In base 7, what is -1226 + -1505?
-3034
In base 11, what is -419a182 - -7?
-419a176
In base 16, what is 1e0da + 6b?
1e145
In base 2, what is -100111000000111 - 110110011010?
-101101110100001
In base 15, what is 4 + -135c49?
-135c45
In base 13, what is -2abb2a + 0?
-2abb2a
In base 15, what is -2ca6 + 5db?
-26ba
In base 7, what is 4 + 16234264?
16234301
In base 3, what is -2211122000210220 - -10?
-2211122000210210
In base 15, what is 6797 - 80?
6717
In base 3, what is 12120220012011 - -10020?
12120220022101
In base 9, what is -17 + 165206?
165178
In base 16, what is -4 + -40e7ca?
-40e7ce
In base 14, what is 10 + -234c2?
-234b2
In base 15, what is 5 - b0855?
-b0850
In base 13, what is 1 + 183a05?
183a06
In base 15, what is 4 + -e745b?
-e7457
In base 15, what is -a2 + 5d285?
5d1d3
In base 10, what is 11 + -40153218?
-40153207
In base 2, what is -1 - 1100001001000011100001?
-1100001001000011100010
In base 7, what is 56 - -2653666?
2654055
In base 4, what is 10 + 23222112301113?
23222112301123
In base 3, what is 211122102 + 122210?
212022012
In base 2, what is 10011000110 + 1011011000101101111?
1011011011000110101
In base 13, what is -5 - 76ba37?
-76ba3c
In base 5, what is -4000403431 - 10?
-4000403441
In base 3, what is 2001000201210 + 2101?
2001000211011
In base 13, what is -136a6c0 + 3?
-136a6ba
In base 7, what is -3 + -351262?
-351265
In base 11, what is -6 + -751006?
-751011
In base 15, what is 7e53c0 - 3?
7e53bc
In base 13, what is -5 + -7a6bc6b?
-7a6bc73
In base 13, what is 4 - -17b2b411?
17b2b415
In base 4, what is -101011330203 + -3?
-101011330212
In base 14, what is d83850 + -13?
d8383b
In base 2, what is -1101011001110011100 - 1110001111?
-1101011011100101011
In base 13, what is -1a0 - 1c774?
-1c944
In base 4, what is -2210310030222 - -3?
-2210310030213
In base 10, what is 143308 - -801?
144109
In base 6, what is 4152 - -3210324?
3214520
In base 16, what is -1 + bc7f7f?
bc7f7e
In base 9, what is 1864 + 886804?
888768
In base 14, what is -993d88 + 30?
-993d58
In base 2, what is 1010101 + 1101101011010010101?
1101101011011101010
In base 16, what is -25c + -5ab62?
-5adbe
In base 9, what is 1112628 - 508?
1112120
In base 6, what is -2 + -40224325?
-40224331
In base 6, what is -243123 - 13035?
-300202
In base 13, what is 10c6 - -1765?
285b
In base 16, what is 1ba0 - 1d402?
-1b862
In base 5, what is 310421 + 30434?
341410
In base 2, what is -1011011110001 - -11010000?
-1011000100001
In base 15, what is 442 - 140712?
-1402c0
In base 3, what is 12020 + -12012122212?
-12012110122
In base 16, what is -1bd242 - -16?
-1bd22c
In base 10, what is 572 - 16229?
-15657
In base 2, what is 10000 + -110001001101010001100011?
-110001001101010001010011
In base 7, what is 604260 - 660?
603300
In base 11, what is -72a234 - -2?
-72a232
In base 12, what is -568b90 + -13?
-568ba3
In base 10, what is 15571369 + 0?
15571369
In base 14, what is 1 + 1715794?
1715795
In base 13, what is -50418070 + -5?
-50418075
In base 6, what is 554514 - -25314?
1024232
In base 8, what is -5131761 - 47?
-5132030
In base 16, what is d892 - 12a?
d768
In base 4, what is -10033300323013 - 3?
-10033300323022
In base 3, what is -221122 + -1001202201?
-1002201100
In base 6, what is 15 + 10123242?
10123301
In base 8, what is -63733 - 2253?
-66206
In base 5, what is 23334 - 31433212?
-31404323
In base 13, what is -b0 - -a86c?
a78c
In base 5, what is -2010214312 + -1?
-2010214313
In base 14, what is 14 + 1dc573?
1dc587
In base 9, what is 23367553 + 27?
23367581
In base 13, what is 0 + c787595?
c787595
In base 15, what is 341809 - c?
3417ec
In base 6, what is -34123 - 2440?
-41003
In base 16, what is -1e8 + -9865?
-9a4d
In base 13, what is 1c93b + -252?
1c6b9
In base 16, what is -a9 + bf4b7?
bf40e
In base 2, what is 0 + 11010111110110010000101010?
11010111110110010000101010
In base 15, what is -3a85c4 - -b?
-3a85b8
In base 11, what is a7143 + -9?
a7135
In base 13, what is 1095609 - 4b?
109558b
In base 5, what is 304 + -22103110?
-22102301
In base 10, what is 6884 - 23331?
-16447
In base 12, what is a35 - 1164b0?
-115677
In base 9, what is -2076213 + 20?
-2076183
In base 11, what is -356 - -24a569?
24a213
In base 11, what is 77137 - 449?
76799
In base 4, what is 20031123223101 + -2?
20031123223033
In base 8, what is 6416005220 - -1?
6416005221
In base 2, what is 100 - 101010011100010111010011?
-101010011100010111001111
In base 10, what is -233 - 6918?
-7151
In base 13, what is 2660c444 + 1?
2660c445
In base 4, what is -10121 - -1333133?
1323012
In base 12, what is 3 - 604a9?
-604a6
In base 11, what is 4116726 - 5?
4116721
In base 8, what is -23 + 1523111?
1523066
In base 11, what is -3688a77 + 63?
-3688a14
In base 7, what is -603 - -162305?
161402
In base 2, what is 10110100111 - -1000111011101?
1011110000100
In base 4, what is -11 + 2300312012212?
2300312012201
In base 14, what is 5049 - -34?
507d
In base 6, what is 11 - 34145103?
-34145052
In base 3, what is -1200110010 + 120212220?
-1002120020
In base 10, what is -14 - -77242530?
77242516
In base 12, what is -b8303 - -83?
-b8240
In base 6, what is -13232 + -10233?
-23505
In base 10, what is -12606 - -180?
-12426
In base 6, what is 3532200 - 22?
3532134
In base 8, what is 55222123 - 0?
55222123
In base 13, what is 707510 - -1?
707511
In base 4, what is -33301031023 + -230?
-33301031313
In base 3, what is -21011221111001 + 1?
-21011221111000
In base 14, what is -76 + 897334?
89729c
In base 13, what is 912 + -2458?
-1846
In base 16, what is -9 - 138554?
-13855d
In base 2, what is 101 - -1010000110111111011101?
1010000110111111100010
In base 16, what is -7d - 3b3ece?
-3b3f4b
In base 2, what is 1110110111001001100100 + -1?
1110110111001001100011
In base 3, what is 1220211012 - 1112?
1220202200
In base 4, what is -101030120 - 113321?
-101210101
In base 16, what is 3a + 29e26?
29e60
In base 10, what is 99220 - -2?
99222
In base 10, what is 1655249 - -4?
1655253
In base 8, what is 15661451 - -410?
15662061
In base 10, what is -3 - 84326698?
-84326701
In base 15, what is 17 - 1b81d2?
-1b81ba
In base 12, what is -342 + 2b135?
2a9b3
In base 7, what is -5 + 31010442?
31010434
In base 3, what is 11022 - 1022000112001?
-1022000100202
In base 11, what is 2742634 - 0?
2742634
In base 2, what is -1001000111011 - 1110000011100000?
-1111001100011011
In base 8, what is -21572421 + -13?
-21572434
In base 13, what is 72774 - 7c4?
71c80
In base 13, what is -11c616 - -20?
-11c5c6
In base 16, what is 2 + -1cf9eb6?
-1cf9eb4
In base 2, what is 10001110011 + -10110111011111001?
-10110101010000110
In base 12, what is 3 + 3166443?
3166446
In base 3, what is 21021 - -201012020?
201110111
In base 7, what is 6042145 - 2?
6042143
In base 15, what is 1d + 1981368?
1981386
In base 13, what is -45 + 193a?
18c5
In base 4, what is 230231130033 - -33?
230231130132
In base 14, what is -10 - 79788b?
-797